*u + 80620 = 25*y. What is the units digit of y?
7
Let d(l) = l**3 + 8*l**2 - 7*l - 20. Let v be d(-8). Suppose -7*w = -5*w + v. What is the tens digit of 4/w - (1372/(-18) + 1)?
7
Let y(l) = 21*l + 75. Let s be y(-11). What is the units digit of (-21540)/s + (-4)/52?
8
What is the hundreds digit of 2 - 4496/6*75/(-10)?
6
Suppose -3*p - 141 = -4*p. Let w = 92 - p. What is the units digit of 8/28 - 2534/w?
2
Let p(a) = a**2 - 19*a + 10. Let m be p(20). Let j be ((-57)/(-15) - -5)/((-4)/m). What is the tens digit of 4/(1 + j/70)?
7
Suppose -3*z = l - 97, -4*z + l + 43 + 77 = 0. Let u = 3 + z. What is the tens digit of u?
3
Let r be (-105)/(-33) - (-6)/(-33). Suppose 3*k - 4*k = r*k. Suppose k = -0*d - 9*d + 1539. What is the tens digit of d?
7
Let u = -101 + 114. Suppose -6958 = -u*b + 764. What is the units digit of b?
4
Let v(g) = g**3 + 10*g**2 + 10*g. Let x be ((48/(-9))/(-8))/((-4)/42). Let i be v(x). Let b = i - 51. What is the tens digit of b?
2
Suppose 34 + 62 = 3*v. Let o = 188 + -112. What is the tens digit of (o/(-5))/(v/(-80))?
3
Let v(l) = 41229*l**2 + 119*l + 115. What is the ten thousands digit of v(-1)?
4
Suppose 4*k + 135511 = 5*n, 26*n - 21*n - 3*k - 135517 = 0. What is the hundreds digit of n?
1
Let v be 11 - 5 - 1/(-1). Suppose -4*x + v + 5 = 0. Suppose x*k + 0*l + 4*l = 27, -4*k = l - 36. What is the units digit of k?
9
Suppose -57880 = -13*q + 90216. What is the units digit of q?
2
Suppose 0*c - 24 = -8*c. Let t(v) be the first derivative of 6*v**2 + 13*v + 22. What is the tens digit of t(c)?
4
Let d(y) = 81*y - 44. Let v be (-2 - 2/(-2))*(-23 - -3). What is the thousands digit of d(v)?
1
Suppose 5*k + 2*y = 3165, 2 = -y - 3. Suppose -k = -3*a + 2212. What is the hundreds digit of a?
9
Suppose 5*n - 3*a - 478 = 0, 0 = 4*n - 7*n - a + 298. Let l = n - 96. What is the units digit of 512/l + 4/(-1)?
2
Let x = -879 + 1764. What is the tens digit of x?
8
Suppose -82*k + 15298 = -77*k - 3*g, -5*g - 3086 = -k. What is the hundreds digit of k?
0
Let l(d) = d**3 - 16*d**2 + 2*d - 32. Let i be l(16). Suppose 25*g - 5*g - 20820 = i. What is the tens digit of g?
4
Suppose 36 = 4*n - 8*t + 4*t, -2*n = 4*t + 6. Suppose n*h - 599 = -3*l, -l - 794 = -5*l - 2*h. What is the units digit of l?
8
Let c(k) be the third derivative of -k**6/120 + k**5/60 + k**4/4 + 2*k**3/3 + 2*k**2 - 28*k. What is the tens digit of c(-5)?
2
Let z = 45703 - 29401. What is the hundreds digit of z?
3
Suppose h - 1 = 2. Let z be (216/(-42))/(h/(-154)). Suppose 5 = 5*f, 4*j + 2*f = 6*f + z. What is the tens digit of j?
6
Let g be (20/(-6) - -4)*3. Suppose 0 = -3*t - 4*y + 11, -6 = 4*t + g*y - 14. What is the units digit of ((-310)/15)/(t/(-6)) + -1?
3
Suppose -10*r = -8766 - 12414. Suppose 52*u - r = 49*u. What is the units digit of u?
6
Let x(z) = 7*z**2 - 6*z + 9. Let q(g) = 11*g**2 - 9*g + 14. Let v(b) = -5*q(b) + 8*x(b). Suppose -4*y - 14 = 4*k - 38, k = 0. What is the units digit of v(y)?
0
Let i be (-18)/(-99) - (-2)/(-11). Suppose j - 3 = -i*j. What is the hundreds digit of -108*(4 - 16/j)?
1
Suppose -14*w - 82066 = -390332. What is the hundreds digit of w?
0
Let j = -3453 - -1736. Let u = -1052 - j. What is the hundreds digit of u?
6
Let x(j) = 134*j + 20628. What is the ten thousands digit of x(0)?
2
Suppose 457436 = 158*c - 95880. What is the units digit of c?
2
Let j be 102/(-6) + 1/(-1)*4. Let b = 228 - j. What is the units digit of b?
9
Suppose -29*b = -41*b + 1632. Suppose 5*t - y - b = -5*y, 4*y - 108 = -4*t. What is the units digit of t?
8
Let t(o) = o**2 - 15*o + 140. Let y be t(-39). Let d = 3269 - y. What is the hundreds digit of d?
0
Suppose 18*c - 121*c + 2587360 = 0. What is the ten thousands digit of c?
2
Suppose 549982 = 4*r + 43*r - 1641064. What is the units digit of r?
8
Let x(w) = 6*w - 12. Let g = 47 + -46. Let d be (38/g)/(-7 - -9). What is the hundreds digit of x(d)?
1
Let w(c) = 708*c - 28. What is the thousands digit of w(9)?
6
Suppose -3664 = -112*x + 68240. What is the hundreds digit of x?
6
What is the hundreds digit of (-4)/(-4)*(-81414)/(-12)*(-90)/(-27)?
6
Let j be 0/((-5 - -1) + 6). Suppose -3*y + 25 - 1 = j. What is the units digit of (y - 5 - 5)*267/(-2)?
7
Let v(d) = -1896*d - 1027. What is the units digit of v(-3)?
1
Let o = 20 + -20. Suppose c - 251 = -o*c + 3*i, -4*i + 753 = 3*c. Suppose -3*a + 67 = -c. What is the tens digit of a?
0
Suppose 2*l - 2916 = l. Suppose 4*i - l = 2620. What is the hundreds digit of i?
3
Let k(a) = -4*a**2 - 13*a + 4. Let l be k(-4). Let t(y) = y**3 + 7*y**2 - 41*y - 6. What is the tens digit of t(l)?
5
Let p be 4/24 + 88/48. Suppose p*f + 2*s - 496 = 0, 5*s - 533 + 37 = -2*f. What is the tens digit of f?
4
Suppose d = -5*n - 3*d + 21357, 3*n + 3*d = 12816. What is the hundreds digit of n?
2
Let p(u) = 5*u**2 + 7 + 2*u - 6*u**2 - 18*u - 17. What is the tens digit of p(-9)?
5
Let j(u) = -20*u - 19. Let v(q) = 39*q + 39. Let k(c) = -10*j(c) - 6*v(c). What is the tens digit of k(-7)?
9
Suppose -16*h - 13*h = -11600. Let i = -344 + h. What is the units digit of i?
6
Suppose -3*w + 250 = 96*b - 92*b, -5*b = -4*w + 385. What is the thousands digit of -3 - ((-6726)/5 - (-18)/w)?
1
Suppose 3*k + 4824 = 12*k. Let q = k + -480. What is the tens digit of q?
5
Let k(v) = -v**2 - 18*v - 20. Let t be (-665)/45 - 4/18. Let z be k(t). Suppose z*h = 22*h + 483. What is the hundreds digit of h?
1
Let x = -28 + 27. Let g be x/(0/(-4) - 2/(-4)). Let t(n) = 16*n**2 - n - 4. What is the tens digit of t(g)?
6
Let b(g) = -9*g + 4. Let r be b(1). Let z = 7 + r. Suppose -k + 5*d = -25, -2*k + z*d + 75 = -3*d. What is the units digit of k?
0
Let a be -4*-5*6/15. What is the hundreds digit of ((-7)/((-42)/(-1179)))/((-6)/a)?
2
Let w = 65 + -61. Suppose 0 = -c - 3*c + 5*x + 5576, -w*c - 2*x + 5548 = 0. What is the hundreds digit of c?
3
Let m = 3217 + -1932. Suppose 0 = -26*w + 31*w - m. What is the units digit of w?
7
Let c(w) = -w**3 - 10*w**2 + 25*w + 6. Let o be c(-12). Let k be o*(-939)/6*1. Suppose 0*i + i + 2*n = 192, 5*i - k = -3*n. What is the hundreds digit of i?
1
Let h = 2057 + 1247. What is the units digit of h?
4
Let z = 26831 - 9319. What is the hundreds digit of z?
5
Suppose 11*g - g - 50 = 0. Suppose 2*s + 5*q - 1022 = 0, 0 = 3*s - 0*s - g*q - 1533. What is the tens digit of s?
1
What is the ten thousands digit of 19 - ((16 - 14) + -25532)?
2
Let s(r) = 23*r**3 + 42*r**2 - 525*r + 35. What is the thousands digit of s(11)?
9
Let s(g) = 5*g**3 + g**2 + 2*g - 3. Suppose -20 = 18*a - 38. What is the units digit of s(a)?
5
Suppose -48*o + 217496 = 4*r - 44*o, 5*r + o - 271842 = 0. What is the tens digit of r?
6
Let w = 16 + -31. Let v = w + 17. Suppose -o + v + 14 = 0. What is the units digit of o?
6
Let k = -12737 + 24570. What is the ten thousands digit of k?
1
Let q = 114126 - 72888. What is the ten thousands digit of q?
4
Suppose 0 = -37*j + 40*j - 5184. Suppose 4*l + 2*f - 1744 = 7*f, 4*l - j = f. What is the hundreds digit of l?
4
Let l be 30/(-35)*((-92)/12 + 3). Suppose 1340 = 24*y - l*y. What is the tens digit of y?
6
Suppose 0 = 41*n - 37*n - 5152. Let y = 8428 - n. What is the tens digit of (-2)/(-9) - y/(-189)?
3
Suppose 0 = 4*q - 5*d - 10, -2*d - 3 = 4*q + 1. Suppose q = -4*m + 4*x - 104, -4*m + 4*x = m + 126. What is the units digit of (11/m - (-197)/10)*15?
8
Let w be ((-17)/((-17)/(-12)))/(1/(-1)). Suppose 5*p + w = 9*p. Suppose 0 = p*y - 4*c - 41 - 164, 0 = -4*y - c + 248. What is the tens digit of y?
6
Let i = -9751 - -17014. What is the tens digit of i?
6
Suppose -5*a - s + 22 = -154, a + 2*s - 28 = 0. Suppose -a*r = -50*r + 15204. What is the hundreds digit of r?
0
Let w = -24377 + 36994. What is the tens digit of w?
1
Let x(w) = 23*w**2 + 9*w + 12. Let r be x(6). Suppose 9*j = 7*j + r. What is the hundreds digit of j?
4
Suppose -3*s = -2*w + 1442, -13*w = -4*s - 12*w - 1916. Let g = -57 - s. What is the hundreds digit of g?
4
Let k = -66 + 70. Suppose 5*l + k*j - 2392 = 0, 5*l - 2320 = -2*j + 66. What is the tens digit of l?
7
Let m(j) = 1497*j**2 - 44*j + 293. What is the ten thousands digit of m(6)?
5
Let a be -8 - (0 - (4 - 2)). Let m be (22/(-6) - -3) + a/(-9). What is the hundreds digit of m + -2 + 4 - -113?
1
Let b(p) = -352*p - 158. Let t be b(24). What is the units digit of (-2